0 + 7/6*c**3. Let h(u) = 7*u + 1. Let x(a) = 4*h(a) - 3*l(a). What is x(2)?
12
Let d = -36 + 40. Suppose u + 4*u + 4*m = -3, -d*u = -5*m - 14. Let t(s) = -4*s**2 + 7*s - 7. Let n be t(u). Let v(r) = -r**2 - 4*r + 2. Calculate v(n).
2
Let g(u) = u - 9. Let x(b) = b**3 + 14*b**2 - 33*b - 5. Let t = -443 - -427. Let i be x(t). Determine g(i).
2
Suppose 3*c = 2*n + 10, c - n = n + 2. Let z be (7/21)/(((-2)/9)/(-2)). Let j(a) = -5*a + 6*a**z + 5*a**2 + 2*a - 14*a**3 + 6 + 7*a**3. Give j(c).
10
Let a(l) = 3*l + 12. Suppose -32*w + 29*w = -9. Suppose -3*j - w = 4*g - 4, 4*j = -5*g. Give a(j).
-3
Let d(o) = -21*o - 138. Let f(w) = -w + 35. Let b(h) = d(h) + 6*f(h). Calculate b(3).
-9
Let s(l) = -10*l - 13 - 2*l + 3*l + 5 - l**2 + 11. What is s(-5)?
23
Let f(s) = -3*s**2 - 33*s - 15. Let h be f(-10). Suppose -2*u + 3 = h. Let t(b) = b**2 + 4*b - 5. Calculate t(u).
7
Let p(k) = 26*k**2 - 4*k - 4. Suppose 83*o = -u + 88*o + 14, 0 = 5*u + 3*o + 14. Determine p(u).
26
Let d(k) = k**2 + 3. Let v = 555 - 555. Suppose v = 25*m + 76 + 24. Determine d(m).
19
Suppose 56 = s - 60. Let l be (0 - (-9)/(-12)) + 551/s. Let n(v) = v**3 - 2*v**2 + v - 4. Determine n(l).
32
Suppose -5*t - i + 8 = -18, 0 = 2*t + 5*i - 15. Let d(g) = g**2 - 6*g + 9. Let v(s) = -4*s**2 + 25*s - 38. Let h(q) = 9*d(q) + 2*v(q). Give h(t).
10
Let i be 21/(-35)*-10*51. Suppose -i + 387 = -9*n. Let k(z) = -2*z + 3. Determine k(n).
21
Suppose -18*z - 135 = -3*z. Let s be ((-3)/z - (-8)/(-24))/2. Let n(p) = p + 3. Give n(s).
3
Let w(r) = 5*r**2 - 16*r + 33. Let l(p) = -8*p**2 + 29*p - 67. Let h(o) = 3*l(o) + 5*w(o). What is h(4)?
8
Let o(z) = 4 + 3*z - 3 - 5 + z**2. Let d = 90 + -100. Let p be (d/20)/((2/12)/1). Calculate o(p).
-4
Suppose -2*x + r + 0*r + 93 = 0, 0 = -3*x - r + 132. Suppose -135 = x*w - 30*w. Let p(g) = g**3 + 8*g**2 - 8*g + 6. Give p(w).
-3
Suppose 2*a + 233 = o + 234, -3*o = -4*a + 5. Let d(f) = f**2 + 9. What is d(o)?
18
Let p(u) be the third derivative of u**6/120 + u**4/12 - 13*u**3/6 + u**2 - 3366*u. What is p(3)?
20
Let c(y) be the first derivative of y**3/3 - 7*y**2 + 22*y - 133. Calculate c(11).
-11
Let o(x) be the first derivative of -7*x**3/3 - 3*x**2/2 - x - 10. Let d = 6 + -3. Suppose d + 7 = -5*q. Determine o(q).
-23
Suppose 2*l - 592 = -522. Suppose l = 4*y - 13. Let d(x) = x**3 - 13*x**2 + 10*x + 17. Calculate d(y).
-7
Suppose -18*l + 30 = -13*l. Suppose l*f = 9*f - 9. Let j(c) = c**3 + f*c - 9 + 14 + 0*c + 6*c**2. Give j(-5).
15
Let k(s) = -86*s**2 - 88*s**2 - 31*s + 261 - 92*s**2 + 265*s**2. Give k(7).
-5
Let i(y) be the third derivative of -y**4/6 + 55*y**3/2 - 6418*y**2. Calculate i(36).
21
Suppose -130*n - 2605 = 391*n. Let v(p) = 2*p**2 - 6*p + 2. Determine v(n).
82
Suppose 0 = i - 29 - 56. Suppose -i*h + 82 = -3*h. Let m(v) be the first derivative of -5*v**2/2 - v + 1. Calculate m(h).
-6
Let v(s) = s - 9. Suppose 8*u = 9*u. Let c(p) = u + 1 - 2. Let x(q) = 3*c(q) - v(q). Give x(7).
-1
Let p(s) = -4*s**2 + 5*s**2 - 2*s - 2 + 2*s**2. Suppose 4*g - 2136 = -3*z - 2148, 40 = -5*z. What is p(g)?
19
Let k be ((-20)/10)/(2/3). Let j be 105/9 - (-2)/k. Let a(i) = i**2 + 21 - 10 - 2 - j + 8*i. What is a(-8)?
-2
Let x(t) = 518*t + 2. Let q(u) = 161*u + 1. Let o(d) = -16*q(d) + 5*x(d). Calculate o(-6).
-90
Suppose 451*f - 28*f - 7429 = 32*f. Let j(z) be the third derivative of -5/24*z**4 + f*z**2 + 1/3*z**3 + 0 + 0*z - 1/60*z**5. Calculate j(-6).
-4
Let s(r) = r**3 - 6*r**2 - 6*r + 9. Suppose 7*z - z = 3*z. Suppose -4*i - 5*y - 149 = z, 5*i + 71 + 119 = -5*y. Let n = 48 + i. Calculate s(n).
16
Let g(x) = x - 1. Let h be g(-3). Let y(t) be the third derivative of t**5/60 + t**4/24 - 5*t**3/6 - 10*t**2 + 4*t - 183. Give y(h).
7
Let v(y) = 3*y**2 + 2*y + 4. Let x(j) = -j**2 - j - 2. Let z(d) = 4*v(d) + 9*x(d). Suppose 41*a - 37*a - 456 = 0. Let h = -112 + a. Determine z(h).
8
Suppose -19*d + 82 - 16 + 48 = 0. Let h(p) = 3*p - 4 - 187*p**2 + 2*p + p**3 + 180*p**2. Determine h(d).
-10
Let k(s) = s**2 + 28*s - 140. Let g be k(4). Let n(l) = -11*l**2 + 11*l - l**3 + l**3 - l**3 - 5 - 7. Determine n(g).
0
Let n(i) be the third derivative of -i**5/40 + 7*i**4/24 - 49*i**3/6 + 86*i**2. Let h(r) be the first derivative of n(r). What is h(7)?
-14
Let f(p) = 2*p + 2. Suppose 10*j - 89 = 61. Suppose -6 = -12*l + j*l. Determine f(l).
-2
Let q(s) be the second derivative of 3*s**5/20 - 3*s**4/4 + s**3 - 5*s**2/2 - 2*s. Let k(z) = -z**3 - 2*z**2 + z - 1. Let b(m) = -4*k(m) + q(m). Determine b(1).
7
Let a(m) = 1 + 153*m + 26 + 162*m - 329*m. Calculate a(3).
-15
Let j be ((-800)/(-150))/(8/6). Let p(c) be the second derivative of 0 - 2*c**2 - j*c + 1/2*c**3. Give p(3).
5
Let g(n) = n**2 + 8*n - 2. Suppose 4*b + u = 0, -4*b + 4*u = -5 - 15. Let v(c) = -8*c**2 - c + 1. Let s be v(b). Calculate g(s).
-2
Suppose -3*i - 9 = 0, 3*y + i + 2 + 10 = 0. Let j(c) be the second derivative of 3*c**3/2 + c**2/2 + 17248*c - 2. Determine j(y).
-26
Let v be -3*(0 - (-2)/6). Let h(l) = -l**3 + l**2. Let w(z) = -3*z**3 - 2939*z - 16 + z**2 + 15 + 2942*z. Let u(f) = v*w(f) + 2*h(f). Calculate u(2).
7
Let s = 223 - 221. Let o(y) = 3*y**s - 2*y**2 + 4 + 2382*y - 2376*y. Calculate o(-5).
-1
Suppose 0 = 3*h + 4*m - 70, 5*h - 2*m = 212 - 52. Let n be (-42)/35*h/18. Let x(i) = -8*i**2 + 2*i. Give x(n).
-36
Let n(s) = s**3 - 28*s**2 + 115*s - 3. Let t be n(5). Let f(h) = -h**3 + h**2 + 5*h + 3. Give f(t).
24
Suppose 3417 = -87*b - 224*b + 30785. Let t be 1*(-96 - -1)/1. Let l = b + t. Let w(y) = y**3 + 8*y**2 + 8*y + 10. Determine w(l).
3
Let j(v) be the first derivative of 10*v + 254 - 1/2*v**2. Give j(15).
-5
Let r = -502 + 502. Let m(a) = -a - 1. Let i(p) = p + 6. Let c(h) = -i(h) - 2*m(h). What is c(r)?
-4
Let c(q) be the first derivative of 7*q**2 - 119*q + 3440. Give c(8).
-7
Let z = 16 + -14. Let n be z/6*(-3 + -15). Let v(g) = g + 12. Let d(f) = f + 12. Let x(p) = -6*d(p) + 7*v(p). Determine x(n).
6
Let r(n) = n**3 + 15*n**2 + 14*n + 10. Let a = 517 - 469. Let x = a + -62. Give r(x).
10
Let y(a) = a**2 - 9*a - 14. Suppose 3*t + 691 = -4*f, -5*f + 12*t - 887 = 8*t. Let k be ((-24)/20)/(21/f). What is y(k)?
-4
Let n = -3429 + 3429. Let i(d) = -d**3 + 3*d - 3. Determine i(n).
-3
Let i(o) = -3*o**3 - 11*o**2 - 9*o - 95. Let p(s) = s**3 + 3*s**2 + 3*s + 33. Let g(r) = -3*i(r) - 8*p(r). Calculate g(-9).
-6
Let b(y) = -y**2 + 10*y + 14. Let w be b(11). Let j be 6/4*(-2 - 60/(-18)). Let c(q) = -43*q + 26*q + 20*q + j. What is c(w)?
11
Let x(y) = 2*y**2 - 4*y - 1. Let p = -74 + 53. Let b = p + 24. Determine x(b).
5
Let w(r) = -r**2 - 12426 + 3*r + 21*r + 12428 + 5*r. Determine w(29).
2
Let g be -3056*33/(-11088) - (-4)/(-42). Let j(w) = -6*w**2 - 9*w + 11*w**2 + 5*w**3 - 6*w**3 + 5*w**2 - 13. Determine j(g).
-13
Suppose 0 = 32*j + 244 - 84. Let p(t) = -11 - 5 + 2*t + 15 - t**3 + 2*t**3 + 4*t**2. What is p(j)?
-36
Let h(i) = -i**2 - 4*i - 3. Let j = 13 + -15. Let t be h(j). Let x(k) be the second derivative of -5*k**3/6 - k**2/2 - 57*k. What is x(t)?
-6
Let r(d) = -d**3 + 15*d**2 - 24*d + 48. Let o be (-904 - -921) + (-14)/4 + (-2)/(-4). What is r(o)?
-92
Suppose -3*z + 11 = 2*g + 3*g, z + 4*g = 6. Let f(q) = 2511*q**2 - q**3 + q - 2511*q**z. Let i be -1 + (-2 + 4)/(-2). Determine f(i).
6
Let t(v) = -8*v**3 - 9*v**2 + 15*v - 9. Let o(s) = -9*s**3 - 10*s**2 + 17*s - 10. Let j(h) = 6*o(h) - 7*t(h). Determine j(2).
25
Let m(g) = -2*g - 7. Let z be (-1736)/(-2 - 14/(-6) - 1). Let f be 2/3 - (6 - z/(-18)). Let l be 6/(-4)*f/(-45). Determine m(l).
3
Let d(z) = 36*z**2 + 3*z + 5. Let k(s) = -31*s**2 - 4*s - 6. Let c(b) = -6*d(b) - 7*k(b). Determine c(-3).
-9
Let j(c) = 10*c**2 + 40*c - 5. Let a(h) = -8*h + 1. Let y(s) = -5*a(s) - j(s). Calculate y(1).
-10
Let p be (1*-2)/(-2*6/24). Let x(g) = p*g**2 - 2*g - 517*g**3 + 516*g**3 - 14*g**2 + g. Calculate x(-10).
10
Let d(h) = 23*h - 59*h + 62*h - 3. Give d(-2).
-55
Let c(w) = -w**2 - 14*w - 25. Let m = -4022 + 4010. What is c(m)?
-1
Suppose 0 = 14*b - 8*b - 24. Suppose 26*d - 28*d = -b. Let i(h) = 4 + 3 - d*h + 4 - 7. Determine i(3).
-2
Let w(b) be the third derivative of b**4/12 + b**3/3 + 3*b**2. Let x be (-592)/6 - (19/3 + -6). Let j = -102 - x. Give w(j).
-4
Let b(k) = 10*k + 130. Let c be (2 + (-55)/20)*(-3 - -18 - -1). What is b(c)?
10
Let b(w) = w**2 - 108*w + 312